) = 3*j(o) - 24*r(o). What are the prime factors of t(5)?
3, 19, 23
Let i = -8 + 26. Let j be (-4532)/(-14) - i/(-63). Suppose 190 = 4*x + f - 86, 5*x - 4*f - j = 0. List the prime factors of x.
2, 17
Let l(w) = -w**2 - 18*w + 44. Let y be l(-20). Suppose 0*f + 4*f - 1460 = y*i, 3*f - 1100 = 4*i. List the prime factors of f.
2, 3, 5
Let d(k) be the second derivative of -20*k**3/3 - 5*k**2 - 13*k + 1. Let o(y) = -y**3 + y**2 + 1. Let f be o(2). What are the prime factors of d(f)?
2, 5, 11
Suppose 5*s = -5*u + 50, -5*s + 26 = -11*u + 10*u. Let q = -14 + 139. Suppose s*w - 163 - q = 0. What are the prime factors of w?
2, 3
Let o be 169 - (1 - 0)/(14/28). Let c = 195 - o. List the prime factors of c.
2, 7
Let r(c) = 7 + 22*c + 9 - 28. Let g be r(2). Suppose -31*q - 99 = -g*q. What are the prime factors of q?
3, 11
Suppose 43*c - 4*m - 63070 = 40*c, 0 = c - 5*m - 21005. What are the prime factors of c?
2, 3, 5, 701
Let p(k) = -3*k**3 - 14*k**2 + 47*k - 11. Let v be p(-13). Suppose 381*a + v = 384*a. What are the prime factors of a?
1201
Let o = 42 - 42. Suppose o = -3*c - 3*t, 0 = -5*c - t - t + 15. Suppose -c*v + 664 = b, 2*v - b - 400 = -v. List the prime factors of v.
7, 19
Let r be (-54)/(-72) - 2/(-8). Let j(p) = p**2 + 1099*p - 1112*p - 14 + r. List the prime factors of j(16).
5, 7
Suppose 13546*x - 429471 = 13529*x. What are the prime factors of x?
3, 7, 401
Let a = -8313 - -20933. What are the prime factors of a?
2, 5, 631
Let y = 1370 - 781. What are the prime factors of y?
19, 31
Let z(f) = -37*f + 7*f - 32*f - 5 + 21*f - 51*f. Suppose -w + 4 = -3*w. What are the prime factors of z(w)?
179
Suppose -o - 256 = -5*o. Let l(y) = 2*y**3 - 5*y**2 - 15*y - 13. Let x be l(5). Let t = o - x. What are the prime factors of t?
3
Suppose 5*r = -t + 3 - 4, 0 = 3*t - 2*r - 14. Let o = -27 - -81. Suppose 2*k - x = 3*x + 24, -t*k + 5*x + o = 0. List the prime factors of k.
2
Let b be (4/(-2) + 1)*(80 - 82). Suppose 5*h = s + 3169, -b*h + 2*s + 1265 = -s. What are the prime factors of h?
2, 317
Suppose 439*f - 20568719 - 1399516 = 134*f. List the prime factors of f.
3, 53, 151
Let q = 91244 + -7220. What are the prime factors of q?
2, 3, 389
What are the prime factors of 3*(-8)/(-3) - (-6 + 232845/(-43))?
61, 89
Let p(f) be the second derivative of 7*f**4/6 - 7*f**3/3 - 5*f**2 + 16*f. What are the prime factors of p(-9)?
2, 5
Suppose 0 = -f - 4*j - 13, -4*j = 2*f - 8*j - 34. Let p(g) = 17*g + 34. What are the prime factors of p(f)?
3, 17
Let g(x) = -2*x - 28. Let p be g(-13). Let z be (((-656)/24)/(p/3))/(-1). Let q = z - -116. List the prime factors of q.
3, 5
Let z(p) = 6*p - 9*p + 2*p**2 - 6*p - 102 - 7*p. What are the prime factors of z(16)?
2, 7, 11
Let c(i) = i**3 - 5*i**2 - 2. Let h be c(5). List the prime factors of (-227 - 1)*h/4.
2, 3, 19
Let o = 91 + -83. Let p be (o/(-20))/((-3)/(-10))*3. Let b(m) = -31*m - 10. List the prime factors of b(p).
2, 3, 19
Let w(d) = 1664*d**2 + 14*d - 2. List the prime factors of w(-2).
2, 3313
Let s = 61 + -58. Let i be 48/s*76/16. Suppose 4*c - i = 2*c. What are the prime factors of c?
2, 19
Let m(o) = -859*o + 6. Suppose -w + 5 = -5*u - 3*w, -u + 3*w = 1. What are the prime factors of m(u)?
5, 173
Suppose 0 = 4*q - 2 - 14, 3*s - 22 = -4*q. Suppose 4*x - 5*p + 3028 = 7*x, 0 = s*x + 2*p - 2020. What are the prime factors of x?
3, 337
Let a(i) = -i**3 - 34*i**2 - 54*i + 549. What are the prime factors of a(-41)?
2, 5, 1453
List the prime factors of (18/(-4))/((945/(-515172))/15).
2, 3, 6133
Suppose 7179 = j + 4*m, 26*j - 29*j = -3*m - 21477. What are the prime factors of j?
13, 19, 29
What are the prime factors of ((-448)/(-784))/(4/107086 - 0)?
2, 7649
Let y(f) = 2*f**3 + 7*f**2 - 2*f + 573. List the prime factors of y(31).
2, 5, 13, 257
Let m(p) be the third derivative of -4/3*p**3 + 0*p - p**2 - 1/4*p**4 + 0. List the prime factors of m(-3).
2, 5
List the prime factors of -106*126/8*(76/(-6) - -6).
2, 3, 5, 7, 53
Let q(v) = 16*v + 212. Suppose 7*t + 56 = 266. What are the prime factors of q(t)?
2, 173
Let i = -4 - -13. Suppose 2*d = -i*c + 4*c + 1468, -2*c - d = -588. Let a = c - 207. What are the prime factors of a?
5, 17
Let m = -2094 - -3023. Let y = m - 313. What are the prime factors of y?
2, 7, 11
Suppose -98 - 109 = 9*o. Let j = 28 + o. Suppose 2*v - j*v + 269 = 2*l, -4 = 2*l. List the prime factors of v.
7, 13
Let w = -578 - -362. Let x = w - -580. List the prime factors of x.
2, 7, 13
Let n = -1397 + 3770. List the prime factors of n.
3, 7, 113
Let p(c) = 104*c - 279. What are the prime factors of p(20)?
1801
Let a = 23 + -27. Let f be (-6)/(-12) - 1954/a. Suppose -2*y = -2*q - 194, -y + f = 4*y - q. What are the prime factors of y?
2, 7
Let h(k) = k**2 + 23*k + 26. Let r be h(-22). Suppose 1868 = 5*z + 2*f, r*z - 5*f - 1075 = 393. What are the prime factors of z?
2, 3, 31
Suppose 3*g = 706 + 470. Let d = -219 + -24. Let a = d + g. List the prime factors of a.
149
Let a(j) be the third derivative of 139*j**4/24 - j**3/2 - 23*j**2. What are the prime factors of a(1)?
2, 17
Let c(u) = 3*u**2 - 10*u + 11. Let h(q) = -10*q**2 + 31*q - 34. Let n(o) = -7*c(o) - 2*h(o). What are the prime factors of n(4)?
7
Let b(n) = -n**3 - 5*n**2 - 6*n - 4. Let s be b(-4). Suppose 0 = -5*w - 20, 5*c + s*w + 92 - 1 = 0. Let u(i) = -18*i + 2. What are the prime factors of u(c)?
2, 17
Let v = -1952 + 2604. List the prime factors of v.
2, 163
Let i = 13967 + -5466. What are the prime factors of i?
8501
What are the prime factors of (-287 + (2 - 3))*(40 + -42)?
2, 3
Suppose -40 = a - 42. Suppose 5*v + 2*r - 1776 = 0, a = 3*r - 7. List the prime factors of v.
2, 3, 59
List the prime factors of (-48)/((-4752)/(-2785695))*(-6)/10.
16883
Suppose 0 = 5*r - 7*r. Suppose 21*s - 4507 - 4418 = r. What are the prime factors of s?
5, 17
Let l(v) = v**2 + v - 43. Let p be l(-11). Let q = -47 + p. Suppose 24*b = q*b + 880. What are the prime factors of b?
2, 5, 11
List the prime factors of (-4 - -2*56/32)*-10734.
3, 1789
Let s = -325 - -820. Let v be (4/5)/(22/s). Suppose v*i - 5841 + 1395 = 0. What are the prime factors of i?
13, 19
Let f(d) be the third derivative of 16/3*d**3 - 1/120*d**6 + 0*d + 7/30*d**5 + 0 + 1/2*d**4 + 5*d**2. List the prime factors of f(14).
2, 5
Let v = 7598 + -6154. List the prime factors of v.
2, 19
Let n(k) = 2 - k**2 + 14 - 4*k - 9. Suppose 19*t - 40 = 27*t. What are the prime factors of n(t)?
2
Let r(m) = 39*m - 11. Let b(y) = -y**3 + 14*y**2 - 11*y - 24. Let u be b(13). Suppose 4*t - 9 = -5*d + 16, 3*t = u*d - 10. What are the prime factors of r(d)?
2, 23
Let f(o) be the second derivative of -o**5/20 + 19*o**4/12 - 43*o**3/6 - o**2 + 149*o. What are the prime factors of f(10)?
2, 3, 13
Let s(p) = -p**2 - 3*p - 2. Let o be s(-2). Suppose j + 329 = 11*r - 9*r, -3*j = 4*r - 633. Suppose 6*v = -o*v + r. List the prime factors of v.
3
Let y = 309 - 303. What are the prime factors of 3057/6 - 3/y?
509
Suppose 60 = d + 20. Let j = d - 40. Let u(g) = -g**2 - g + 126. What are the prime factors of u(j)?
2, 3, 7
Let u = -85 + 4. List the prime factors of ((-280)/84)/(1/u).
2, 3, 5
Suppose 2*d - 5973 - 24169 = -5*u, 2*d + 2*u - 30142 = 0. List the prime factors of d.
7, 2153
Let y = 87 + -207. List the prime factors of (-3079)/(-5) + (-24)/y.
2, 7, 11
Suppose -3*s + 4 + 11 = 0. Suppose 25 = v + 4*t, -s*v = -v - 4*t. Suppose 0 = -3*w - 3*p + 477, 0 = -w + v*p + 113 + 16. List the prime factors of w.
2, 7, 11
Suppose -343536 + 28104 = -18*w. What are the prime factors of w?
2, 13, 337
Let z(f) = 4*f**2 - 11*f + 17. Let b(w) = -w**3 + w**2 - w - 4. Let g be b(-3). Suppose 2*a = -3*a + g. What are the prime factors of z(a)?
2, 17
Let n(f) = -1199*f - 852. List the prime factors of n(-3).
3, 5, 61
Let v(j) = 1256*j - 1006. What are the prime factors of v(1)?
2, 5
Let c be 9/(-12) + (-638)/(-8). Let r be 2/(2 - 3) + c. List the prime factors of 11/r + 978/14.
2, 5, 7
Suppose 3*b = -b + 8. Suppose 3*t + 2*g + b*g = 25, 0 = 3*t + 3*g - 24. Suppose t*j + i = 3*j + 294, 5*i + 63 = j. What are the prime factors of j?
73
Let l = 101 + -95. Suppose -372 = l*u - 10*u. Let x = 150 + u. What are the prime factors of x?
3
Let k = 2315 - -9804. List the prime factors of k.
12119
Suppose -86*i + 12514 = f - 85*i, -5*f - 2*i + 62555 = 